the highest common divisor of 12 and j.
4
Let h = 38 - 32. Let i(g) = -7*g - 3*g - h*g**2 + 11*g - 3*g - g**3. Let q be i(-6). What is the greatest common divisor of q and 132?
12
Suppose 5*a - 20 = -5. Suppose -4*f + 160 = 3*q + q, a*f = 4*q - 160. Calculate the highest common factor of 20 and q.
20
Let q = -30 + 41. Let s = -248 + 470. Suppose -4*j = -2*x + s, -5*x + 3*x - 3*j + 257 = 0. Calculate the greatest common factor of x and q.
11
Let o = 2828 - 2827. What is the greatest common factor of 95 and o?
1
Let v be ((-3)/(-6))/1*0. Let a = v - 6. Let d = a + 7. What is the highest common divisor of d and 1?
1
Suppose -120*p + 135*p - 315 = 0. What is the highest common divisor of 161 and p?
7
Let t = -62 + 65. Suppose 0 = t*h + 9 - 93. Calculate the highest common divisor of 42 and h.
14
Let c be (0 + 900/8)*(-4)/(-6). What is the greatest common divisor of 3 and c?
3
Let s(j) = 15*j**2 + 7*j - 7. Let v(y) = -y**3 + 5*y**2 - y + 6. Let u be v(5). Let p be s(u). What is the greatest common divisor of p and 15?
15
Let w be 0/(8/4) - -1. Let h be ((-6)/(-3)*9)/w. Suppose y = -y + h. Calculate the highest common factor of 63 and y.
9
Let i = -206 + 238. Calculate the greatest common divisor of i and 112.
16
Suppose -100 = -4*r + 3*r - 5*d, 4*d - 395 = -5*r. Calculate the highest common factor of r and 75.
75
Let w = -7488 + 7496. Suppose 5*f - 80 = -20. What is the greatest common factor of w and f?
4
Suppose 26*t + 2968 = 12094. What is the highest common divisor of 54 and t?
27
Suppose 4*f - 1463 = -187. Calculate the highest common factor of f and 29.
29
Let u be (-2 - -3)/((-4)/(-56)). Suppose u = -2*h + 28. What is the highest common factor of h and 63?
7
Suppose -7*n + 12*n = 10. Suppose -n*v + 204 = 4*r, -r - v = -0*v - 50. Calculate the greatest common factor of 156 and r.
52
Let h = -81 + 77. Let r be (-6)/(-24) + (-79)/h. Calculate the highest common factor of 60 and r.
20
Let c(d) = 7*d + 508. Let x be c(-54). Calculate the greatest common divisor of 585 and x.
65
Suppose -2*i = -5*d - 93, 0*i + d = -2*i + 63. Suppose -79 + i = -3*v. Calculate the highest common divisor of 60 and v.
15
Let g(w) = 30*w**2 - 2*w - 1. Let m be g(-2). Let h = m + -75. What is the highest common divisor of h and 16?
16
Suppose 171 = 4*k + 3*l, -29 = -39*k + 38*k + 2*l. Calculate the greatest common divisor of k and 52.
13
Suppose -5*x - 5*n = -50, 5*n - 3 = 5*x - 33. What is the highest common divisor of x and 104?
8
Suppose -23 = -o + v + 36, 121 = 2*o - 3*v. Calculate the greatest common divisor of o and 56.
56
Suppose 3*h - h = 2. Let d = 0 + 8. Calculate the greatest common divisor of h and d.
1
Let v(t) = -6*t**2 - 24 + 17*t + 29*t**2 + t**3 - 2*t**2. Let f be v(-20). Calculate the highest common divisor of f and 12.
12
Suppose -7*l = 15 + 20. Let x be 48/4 + (l - -9). What is the highest common factor of 20 and x?
4
Suppose 230 = -60*t + 1010. Let j be (-412)/(-8) + 2/4. Calculate the highest common divisor of j and t.
13
Let u(s) = -140*s + 962. Let a be u(0). Calculate the greatest common divisor of 13 and a.
13
Let j be (-234)/(-13) - 3*-1*1. Let i = 11 + 17. What is the greatest common factor of j and i?
7
Suppose 2*l - l = 135. Suppose 0*b + 4*h = -2*b + 30, 0 = -b - h + 15. What is the highest common divisor of l and b?
15
Suppose 15*a = 14*a + 5. Let d be (3/(-2))/((-1)/(40/6)). What is the greatest common factor of d and a?
5
Suppose 0 = 2*u - 42 - 240. Suppose 43*y + 36*y = 1990 + 1723. Calculate the greatest common divisor of u and y.
47
Suppose 2*y + a = y + 6, 0 = 2*a + 4. Suppose -y*g + 448 = -4*g. What is the greatest common factor of 14 and g?
14
Let q be 2/11 + (-2 - (-6640)/22). Calculate the highest common divisor of q and 400.
100
Suppose -4*j + 228 = -3*x - 81, 3*j - 228 = 3*x. What is the greatest common factor of 45 and j?
9
Suppose 5*x - p = -6*p + 885, -2*x = 4*p - 364. Let d = x - 88. Suppose -5*h - i = -64, 0*h + 2*h = 4*i + 8. What is the highest common factor of d and h?
12
Let s = 154 + -147. Calculate the highest common divisor of s and 35.
7
Let n(m) = 9*m**2 + 6*m - 8. Let o be n(2). Calculate the highest common factor of 280 and o.
40
Let a be 288/2 + (-38 - -37). Calculate the highest common factor of a and 33.
11
Let x = -19 - -22. Suppose -3 = -x*c, 3*c - 383 = -5*l - 20. Calculate the highest common divisor of 18 and l.
18
Let c(b) = -17 + 9*b - b + 16. Let s be c(8). Suppose 2*k - 5*k = -21. Calculate the greatest common factor of k and s.
7
Let u(r) = r**2 - r - 25. Suppose -s + 15 = 4*b, -4*b = 4*s + s - 43. Let k be u(s). Calculate the highest common divisor of 68 and k.
17
Suppose -3*b - 382 = -3*f + b, 0 = -3*b + 6. What is the greatest common divisor of f and 26?
26
Suppose -o - 5*f + 73 = 0, -62*o = -59*o + 5*f - 169. Calculate the greatest common factor of 496 and o.
16
Suppose -1872 = -23*o + 10*o. Calculate the highest common factor of 36 and o.
36
Suppose 0 = -35*w + 42 + 483. Calculate the greatest common factor of w and 120.
15
Let x be 6/3 + 372 - -3. Suppose 5*s + 2*h = -0*s + x, -2*s - 5*h = -134. Let t be ((-22)/3)/((-4)/6). Calculate the highest common divisor of t and s.
11
Let u be (11 + -11)/((-2)/(-2)). Suppose 4*t = 2*q + 86, -4*q + 4 = -u. Calculate the highest common factor of t and 176.
22
Suppose 5*f - 4 - 6 = 0. Suppose 0 = -f*p + p + 22. Let b = -236 - -324. Calculate the greatest common divisor of b and p.
22
Let q = 376 + -291. What is the greatest common divisor of q and 5?
5
Let l be (-4)/14 + (-867)/(-21). Let y = 280 - 116. Calculate the highest common divisor of y and l.
41
Suppose -4*l - 297 = -101. Let f = 85 + -154. Let z = l - f. Calculate the highest common divisor of z and 8.
4
Let v(m) = -11*m**2 - 98*m - 68. Let n be v(-8). Let t(s) = -21*s - 3. Let z be t(-3). What is the highest common divisor of z and n?
12
Suppose -290*g = -5088 - 3322. Let k(o) = -36*o + 1. Let c be k(-4). Calculate the highest common factor of g and c.
29
Suppose -3*v + v + j - 2 = 0, 5*j = 0. Let z(d) = -100*d**3 - d**2 + 1. Let k be z(v). What is the highest common divisor of 20 and k?
20
Let x(w) = w**3 + 27*w**2 - 30*w + 34. Let a be x(-28). Let f = 98 + -48. Suppose 5*o + 0*o = f. What is the greatest common divisor of a and o?
10
Let y = 133 - 131. Let j(u) be the second derivative of 7*u**4/6 - u**2/2 - u. Let s be j(y). Calculate the highest common divisor of s and 11.
11
Suppose -14*s = 16 - 72. Suppose -h - k + 5 = -7, -41 = -s*h + 3*k. What is the highest common factor of h and 143?
11
Let r(n) = -n**3 - 6*n**2 + 7*n + 10. Let w be r(-7). Let h = -7268 - -7418. Calculate the highest common divisor of h and w.
10
Suppose i - 4*k - 87 = 142, 0 = 4*i + 4*k - 856. What is the highest common divisor of i and 7?
7
Let h = -5 - -8. Let o(b) = -41*b + 4. Let s be o(h). Let x = -35 - s. What is the greatest common divisor of 12 and x?
12
Let b be 1/(-2)*204/(-6). Let s be ((-1)/(3/(-45)))/(-1). Let i = s + b. What is the greatest common divisor of i and 16?
2
Let i be (-7)/(84/18)*(-3 - -1). What is the greatest common factor of 69 and i?
3
Let w = -223 + 237. What is the highest common factor of w and 686?
14
Let m(s) = -170*s + 75. Let t be m(-3). What is the highest common divisor of t and 45?
45
Suppose -75*y + 4903 + 497 = 0. Calculate the greatest common divisor of 15 and y.
3
Let q = 10 - -74. What is the greatest common divisor of 196 and q?
28
Suppose 6*c = -3*d + 7*c + 2, -6 = -d - c. What is the highest common divisor of 64 and d?
2
Let a = 350 - 296. What is the highest common divisor of 36 and a?
18
Let k be (1 - (-1 + 3)) + 9. Let j be 17 + (-2)/k*-4. What is the highest common divisor of j and 198?
18
Suppose -1078 = -2*l - 0*l. Calculate the highest common factor of l and 49.
49
Suppose -3*o - 248 = -5*x - 93, -160 = -5*x + 4*o. What is the highest common divisor of 462 and x?
14
Let r be (-153373)/(-77) - (-6)/42. What is the greatest common factor of 24 and r?
24
Let h = 99 - -352. Let i(u) = -7*u + 6. Let q be i(-5). What is the highest common factor of q and h?
41
Let c = -1330 + 1375. Calculate the highest common divisor of 495 and c.
45
Let t be (-2 - 4)/(35/(-11) + 3). Suppose 4*h = 2*h + 3*f + 19, -4*f = -4. Calculate the highest common divisor of h and t.
11
Let v